{"version":"1.0","provider_name":"Support | Kriesi.at - Premium WordPress Themes","provider_url":"https:\/\/kriesi.at\/support","author_name":"lauragrashoff","author_url":"https:\/\/kriesi.at\/support\/author\/lauragrashoff\/","title":"Kasten in Farbsektion wird verdr\u00e4ngt - Support | Kriesi.at - Premium WordPress Themes","type":"rich","width":600,"height":338,"html":"<blockquote class=\"wp-embedded-content\" data-secret=\"wz50e9Dvl8\"><a href=\"https:\/\/kriesi.at\/support\/topic\/kasten-in-farbsektion-wird-verdrangt\/\">Kasten in Farbsektion wird verdr\u00e4ngt<\/a><\/blockquote><iframe sandbox=\"allow-scripts\" security=\"restricted\" src=\"https:\/\/kriesi.at\/support\/topic\/kasten-in-farbsektion-wird-verdrangt\/embed\/#?secret=wz50e9Dvl8\" width=\"600\" height=\"338\" title=\"&#8220;Kasten in Farbsektion wird verdr\u00e4ngt&#8221; &#8212; Support | Kriesi.at - Premium WordPress Themes\" data-secret=\"wz50e9Dvl8\" frameborder=\"0\" marginwidth=\"0\" marginheight=\"0\" scrolling=\"no\" class=\"wp-embedded-content\"><\/iframe><script type=\"text\/javascript\">\n\/* <![CDATA[ *\/\n\/*! This file is auto-generated *\/\n!function(d,l){\"use strict\";l.querySelector&&d.addEventListener&&\"undefined\"!=typeof URL&&(d.wp=d.wp||{},d.wp.receiveEmbedMessage||(d.wp.receiveEmbedMessage=function(e){var t=e.data;if((t||t.secret||t.message||t.value)&&!\/[^a-zA-Z0-9]\/.test(t.secret)){for(var s,r,n,a=l.querySelectorAll('iframe[data-secret=\"'+t.secret+'\"]'),o=l.querySelectorAll('blockquote[data-secret=\"'+t.secret+'\"]'),c=new RegExp(\"^https?:$\",\"i\"),i=0;i<o.length;i++)o[i].style.display=\"none\";for(i=0;i<a.length;i++)s=a[i],e.source===s.contentWindow&&(s.removeAttribute(\"style\"),\"height\"===t.message?(1e3<(r=parseInt(t.value,10))?r=1e3:~~r<200&&(r=200),s.height=r):\"link\"===t.message&&(r=new URL(s.getAttribute(\"src\")),n=new URL(t.value),c.test(n.protocol))&&n.host===r.host&&l.activeElement===s&&(d.top.location.href=t.value))}},d.addEventListener(\"message\",d.wp.receiveEmbedMessage,!1),l.addEventListener(\"DOMContentLoaded\",function(){for(var e,t,s=l.querySelectorAll(\"iframe.wp-embedded-content\"),r=0;r<s.length;r++)(t=(e=s[r]).getAttribute(\"data-secret\"))||(t=Math.random().toString(36).substring(2,12),e.src+=\"#?secret=\"+t,e.setAttribute(\"data-secret\",t)),e.contentWindow.postMessage({message:\"ready\",secret:t},\"*\")},!1)))}(window,document);\n\/* ]]> *\/\n<\/script>\n","description":"Guten Tag, ich habe eben bemerkt, dass auf meiner Startseite ein Kasten in einer Farbsektion von dem daunterliegenden verdr\u00e4ngt wird. Ich hab den Kasten dadrunter schon \u00fcberpr\u00fcft. Scheint alles normal zu sein. K\u00f6nnt ihr mir sagen, was da passiert ist und wie ich den Kasten wieder normal daunter platzieren kann? Liebe Gr\u00fc\u00dfe und ein sch\u00f6nes [&hellip;]"}

Kasten in Farbsektion wird verdrängt - Support | Kriesi.at - Premium WordPress Themes

<blockquote class="wp-embedded-content" data-secret="wz50e9Dvl8"><a href="https://kriesi.at/support/topic/kasten-in-farbsektion-wird-verdrangt/">Kasten in Farbsektion wird verdrängt</a></blockquote><iframe sandbox="allow-scripts" security="restricted" src="https://kriesi.at/support/topic/kasten-in-farbsektion-wird-verdrangt/embed/#?secret=wz50e9Dvl8" width="600" height="338" title="&#8220;Kasten in Farbsektion wird verdrängt&#8221; &#8212; Support | Kriesi.at - Premium WordPress Themes" data-secret="wz50e9Dvl8" frameborder="0" marginwidth="0" marginheight="0" scrolling="no" class="wp-embedded-content"></iframe><script type="text/javascript">
/* <![CDATA[ */
/*! This file is auto-generated */
!function(d,l){"use strict";l.querySelector&&d.addEventListener&&"undefined"!=typeof URL&&(d.wp=d.wp||{},d.wp.receiveEmbedMessage||(d.wp.receiveEmbedMessage=function(e){var t=e.data;if((t||t.secret||t.message||t.value)&&!/[^a-zA-Z0-9]/.test(t.secret)){for(var s,r,n,a=l.querySelectorAll('iframe[data-secret="'+t.secret+'"]'),o=l.querySelectorAll('blockquote[data-secret="'+t.secret+'"]'),c=new RegExp("^https?:$","i"),i=0;i<o.length;i++)o[i].style.display="none";for(i=0;i<a.length;i++)s=a[i],e.source===s.contentWindow&&(s.removeAttribute("style"),"height"===t.message?(1e3<(r=parseInt(t.value,10))?r=1e3:~~r<200&&(r=200),s.height=r):"link"===t.message&&(r=new URL(s.getAttribute("src")),n=new URL(t.value),c.test(n.protocol))&&n.host===r.host&&l.activeElement===s&&(d.top.location.href=t.value))}},d.addEventListener("message",d.wp.receiveEmbedMessage,!1),l.addEventListener("DOMContentLoaded",function(){for(var e,t,s=l.querySelectorAll("iframe.wp-embedded-content"),r=0;r<s.length;r++)(t=(e=s[r]).getAttribute("data-secret"))||(t=Math.random().toString(36).substring(2,12),e.src+="#?secret="+t,e.setAttribute("data-secret",t)),e.contentWindow.postMessage({message:"ready",secret:t},"*")},!1)))}(window,document);
/* ]]> */
</script>

Guten Tag, ich habe eben bemerkt, dass auf meiner Startseite ein Kasten in einer Farbsektion von dem daunterliegenden verdrängt wird. Ich hab den Kasten dadrunter schon überprüft. Scheint alles normal zu sein. Könnt ihr mir sagen, was da passiert ist und wie ich den Kasten wieder normal daunter platzieren kann? Liebe Grüße und ein schönes [&hellip;]
