{"version":"1.0","provider_name":"Support | Kriesi.at - Premium WordPress Themes","provider_url":"https:\/\/kriesi.at\/support","author_name":"anja","author_url":"https:\/\/kriesi.at\/support\/author\/becks_absperrtechnik\/","title":"H\u00f6he des Beitragsbildes auf der Single-Beitragsseite - Support | Kriesi.at - Premium WordPress Themes","type":"rich","width":600,"height":338,"html":"<blockquote class=\"wp-embedded-content\" data-secret=\"MyTUeDaCmZ\"><a href=\"https:\/\/kriesi.at\/support\/topic\/hohe-des-beitragsbildes-auf-der-single-beitragsseite\/\">H\u00f6he des Beitragsbildes auf der Single-Beitragsseite<\/a><\/blockquote><iframe sandbox=\"allow-scripts\" security=\"restricted\" src=\"https:\/\/kriesi.at\/support\/topic\/hohe-des-beitragsbildes-auf-der-single-beitragsseite\/embed\/#?secret=MyTUeDaCmZ\" width=\"600\" height=\"338\" title=\"&#8220;H\u00f6he des Beitragsbildes auf der Single-Beitragsseite&#8221; &#8212; Support | Kriesi.at - Premium WordPress Themes\" data-secret=\"MyTUeDaCmZ\" frameborder=\"0\" marginwidth=\"0\" marginheight=\"0\" scrolling=\"no\" class=\"wp-embedded-content\"><\/iframe><script type=\"text\/javascript\">\n\/* <![CDATA[ *\/\n\/*! This file is auto-generated *\/\n!function(d,l){\"use strict\";l.querySelector&&d.addEventListener&&\"undefined\"!=typeof URL&&(d.wp=d.wp||{},d.wp.receiveEmbedMessage||(d.wp.receiveEmbedMessage=function(e){var t=e.data;if((t||t.secret||t.message||t.value)&&!\/[^a-zA-Z0-9]\/.test(t.secret)){for(var s,r,n,a=l.querySelectorAll('iframe[data-secret=\"'+t.secret+'\"]'),o=l.querySelectorAll('blockquote[data-secret=\"'+t.secret+'\"]'),c=new RegExp(\"^https?:$\",\"i\"),i=0;i<o.length;i++)o[i].style.display=\"none\";for(i=0;i<a.length;i++)s=a[i],e.source===s.contentWindow&&(s.removeAttribute(\"style\"),\"height\"===t.message?(1e3<(r=parseInt(t.value,10))?r=1e3:~~r<200&&(r=200),s.height=r):\"link\"===t.message&&(r=new URL(s.getAttribute(\"src\")),n=new URL(t.value),c.test(n.protocol))&&n.host===r.host&&l.activeElement===s&&(d.top.location.href=t.value))}},d.addEventListener(\"message\",d.wp.receiveEmbedMessage,!1),l.addEventListener(\"DOMContentLoaded\",function(){for(var e,t,s=l.querySelectorAll(\"iframe.wp-embedded-content\"),r=0;r<s.length;r++)(t=(e=s[r]).getAttribute(\"data-secret\"))||(t=Math.random().toString(36).substring(2,12),e.src+=\"#?secret=\"+t,e.setAttribute(\"data-secret\",t)),e.contentWindow.postMessage({message:\"ready\",secret:t},\"*\")},!1)))}(window,document);\n\/* ]]> *\/\n<\/script>\n","description":"Hallo! Wie kann ich im Beitrag das Beitragsbild in der Anzeigeh\u00f6he anpassen? Es soll die volle H\u00f6he des Bildes mit 453 px H\u00f6he angezeigt werden. Link dazu im private content. Schon jetzt vielen Dank! Anja"}

Höhe des Beitragsbildes auf der Single-Beitragsseite - Support | Kriesi.at - Premium WordPress Themes

<blockquote class="wp-embedded-content" data-secret="MyTUeDaCmZ"><a href="https://kriesi.at/support/topic/hohe-des-beitragsbildes-auf-der-single-beitragsseite/">Höhe des Beitragsbildes auf der Single-Beitragsseite</a></blockquote><iframe sandbox="allow-scripts" security="restricted" src="https://kriesi.at/support/topic/hohe-des-beitragsbildes-auf-der-single-beitragsseite/embed/#?secret=MyTUeDaCmZ" width="600" height="338" title="&#8220;Höhe des Beitragsbildes auf der Single-Beitragsseite&#8221; &#8212; Support | Kriesi.at - Premium WordPress Themes" data-secret="MyTUeDaCmZ" frameborder="0" marginwidth="0" marginheight="0" scrolling="no" class="wp-embedded-content"></iframe><script type="text/javascript">
/* <![CDATA[ */
/*! This file is auto-generated */
!function(d,l){"use strict";l.querySelector&&d.addEventListener&&"undefined"!=typeof URL&&(d.wp=d.wp||{},d.wp.receiveEmbedMessage||(d.wp.receiveEmbedMessage=function(e){var t=e.data;if((t||t.secret||t.message||t.value)&&!/[^a-zA-Z0-9]/.test(t.secret)){for(var s,r,n,a=l.querySelectorAll('iframe[data-secret="'+t.secret+'"]'),o=l.querySelectorAll('blockquote[data-secret="'+t.secret+'"]'),c=new RegExp("^https?:$","i"),i=0;i<o.length;i++)o[i].style.display="none";for(i=0;i<a.length;i++)s=a[i],e.source===s.contentWindow&&(s.removeAttribute("style"),"height"===t.message?(1e3<(r=parseInt(t.value,10))?r=1e3:~~r<200&&(r=200),s.height=r):"link"===t.message&&(r=new URL(s.getAttribute("src")),n=new URL(t.value),c.test(n.protocol))&&n.host===r.host&&l.activeElement===s&&(d.top.location.href=t.value))}},d.addEventListener("message",d.wp.receiveEmbedMessage,!1),l.addEventListener("DOMContentLoaded",function(){for(var e,t,s=l.querySelectorAll("iframe.wp-embedded-content"),r=0;r<s.length;r++)(t=(e=s[r]).getAttribute("data-secret"))||(t=Math.random().toString(36).substring(2,12),e.src+="#?secret="+t,e.setAttribute("data-secret",t)),e.contentWindow.postMessage({message:"ready",secret:t},"*")},!1)))}(window,document);
/* ]]> */
</script>

Hallo! Wie kann ich im Beitrag das Beitragsbild in der Anzeigehöhe anpassen? Es soll die volle Höhe des Bildes mit 453 px Höhe angezeigt werden. Link dazu im private content. Schon jetzt vielen Dank! Anja
